{"id":337,"date":"2024-06-01T11:08:26","date_gmt":"2024-06-01T11:08:26","guid":{"rendered":"https:\/\/test.fauteuiltantra.net\/?page_id=337"},"modified":"2024-06-01T11:08:26","modified_gmt":"2024-06-01T11:08:26","slug":"les-offres-du-moments","status":"publish","type":"page","link":"https:\/\/fauteuiltantra.net\/index.php\/les-offres-du-moments\/","title":{"rendered":"Les Offres Du Moments"},"content":{"rendered":"\n<h2 class=\"wp-block-heading has-text-align-center is-style-default has-base-2-color has-accent-2-background-color has-text-color has-background has-link-color wp-elements-4bc8e1c769c695b4924a56a71f353cd3\">Les Offres Du Moments<\/h2>\n\n\n\n\n\n<p class=\"has-text-align-center\">Ne manquez pas nos <strong>offres exclusives<\/strong> sur une s\u00e9lection de <strong>meubles modernes<\/strong> ! Profitez de <strong>r\u00e9ductions exceptionnelles<\/strong> sur nos canap\u00e9s, fauteuils et autres pi\u00e8ces de mobilier. Cette saison, b\u00e9n\u00e9ficiez de <strong>remises allant jusqu&rsquo;\u00e0 30%<\/strong> sur certains de nos best-sellers. D\u00e9p\u00eachez-vous, ces offres sont <strong>limit\u00e9es dans le temps<\/strong> ! Transformez votre int\u00e9rieur \u00e0 prix r\u00e9duit et avec <strong>style<\/strong>.<\/p>\n","protected":false},"excerpt":{"rendered":"<p>Les Offres Du Moments Ne manquez pas nos offres exclusives sur une s\u00e9lection de meubles modernes ! Profitez de r\u00e9ductions exceptionnelles sur nos canap\u00e9s, fauteuils et autres pi\u00e8ces de mobilier. Cette saison, b\u00e9n\u00e9ficiez de remises allant jusqu&rsquo;\u00e0 30% sur certains de nos best-sellers. D\u00e9p\u00eachez-vous, ces offres sont limit\u00e9es dans le temps ! Transformez votre int\u00e9rieur [&hellip;]<\/p>\n","protected":false},"author":1,"featured_media":0,"parent":0,"menu_order":0,"comment_status":"closed","ping_status":"closed","template":"page-no-title","meta":{"footnotes":""},"class_list":["post-337","page","type-page","status-publish","hentry"],"yoast_head":"<!-- This site is optimized with the Yoast SEO plugin v23.1 - https:\/\/yoast.com\/wordpress\/plugins\/seo\/ -->\n<title>Les Offres Du Moments - Fauteuil Tantra<\/title>\n<meta name=\"robots\" content=\"index, follow, max-snippet:-1, max-image-preview:large, max-video-preview:-1\" \/>\n<link rel=\"canonical\" href=\"https:\/\/fauteuiltantra.net\/index.php\/les-offres-du-moments\/\" \/>\n<meta property=\"og:locale\" content=\"fr_FR\" \/>\n<meta property=\"og:type\" content=\"article\" \/>\n<meta property=\"og:title\" content=\"Les Offres Du Moments - Fauteuil Tantra\" \/>\n<meta property=\"og:description\" content=\"Les Offres Du Moments Ne manquez pas nos offres exclusives sur une s\u00e9lection de meubles modernes ! Profitez de r\u00e9ductions exceptionnelles sur nos canap\u00e9s, fauteuils et autres pi\u00e8ces de mobilier. Cette saison, b\u00e9n\u00e9ficiez de remises allant jusqu&rsquo;\u00e0 30% sur certains de nos best-sellers. D\u00e9p\u00eachez-vous, ces offres sont limit\u00e9es dans le temps ! Transformez votre int\u00e9rieur [&hellip;]\" \/>\n<meta property=\"og:url\" content=\"https:\/\/fauteuiltantra.net\/index.php\/les-offres-du-moments\/\" \/>\n<meta property=\"og:site_name\" content=\"Fauteuil Tantra\" \/>\n<meta property=\"article:publisher\" content=\"https:\/\/www.facebook.com\/profile.php?id=61560973738777\" \/>\n<meta property=\"og:image\" content=\"https:\/\/fauteuiltantra.net\/wp-content\/uploads\/2024\/06\/Firefly-Piece-moderne-avec-au-centre-une-meridienne-tantra-en-cuir-lisse-noir-et-pied-en-bois-34739.webp\" \/>\n\t<meta property=\"og:image:width\" content=\"2048\" \/>\n\t<meta property=\"og:image:height\" content=\"2048\" \/>\n\t<meta property=\"og:image:type\" content=\"image\/webp\" \/>\n<meta name=\"twitter:card\" content=\"summary_large_image\" \/>\n<script type=\"application\/ld+json\" class=\"yoast-schema-graph\">{\"@context\":\"https:\/\/schema.org\",\"@graph\":[{\"@type\":\"WebPage\",\"@id\":\"https:\/\/fauteuiltantra.net\/index.php\/les-offres-du-moments\/\",\"url\":\"https:\/\/fauteuiltantra.net\/index.php\/les-offres-du-moments\/\",\"name\":\"Les Offres Du Moments - Fauteuil Tantra\",\"isPartOf\":{\"@id\":\"https:\/\/fauteuiltantra.net\/#website\"},\"datePublished\":\"2024-06-01T11:08:26+00:00\",\"dateModified\":\"2024-06-01T11:08:26+00:00\",\"breadcrumb\":{\"@id\":\"https:\/\/fauteuiltantra.net\/index.php\/les-offres-du-moments\/#breadcrumb\"},\"inLanguage\":\"fr-FR\",\"potentialAction\":[{\"@type\":\"ReadAction\",\"target\":[\"https:\/\/fauteuiltantra.net\/index.php\/les-offres-du-moments\/\"]}]},{\"@type\":\"BreadcrumbList\",\"@id\":\"https:\/\/fauteuiltantra.net\/index.php\/les-offres-du-moments\/#breadcrumb\",\"itemListElement\":[{\"@type\":\"ListItem\",\"position\":1,\"name\":\"Accueil\",\"item\":\"https:\/\/fauteuiltantra.net\/\"},{\"@type\":\"ListItem\",\"position\":2,\"name\":\"Les Offres Du Moments\"}]},{\"@type\":\"WebSite\",\"@id\":\"https:\/\/fauteuiltantra.net\/#website\",\"url\":\"https:\/\/fauteuiltantra.net\/\",\"name\":\"Fauteuil Tantra\",\"description\":\"Un design luxueux pour un confort ultime\",\"publisher\":{\"@id\":\"https:\/\/fauteuiltantra.net\/#organization\"},\"potentialAction\":[{\"@type\":\"SearchAction\",\"target\":{\"@type\":\"EntryPoint\",\"urlTemplate\":\"https:\/\/fauteuiltantra.net\/?s={search_term_string}\"},\"query-input\":\"required name=search_term_string\"}],\"inLanguage\":\"fr-FR\"},{\"@type\":\"Organization\",\"@id\":\"https:\/\/fauteuiltantra.net\/#organization\",\"name\":\"Fauteuil Tantra\",\"url\":\"https:\/\/fauteuiltantra.net\/\",\"logo\":{\"@type\":\"ImageObject\",\"inLanguage\":\"fr-FR\",\"@id\":\"https:\/\/fauteuiltantra.net\/#\/schema\/logo\/image\/\",\"url\":\"https:\/\/fauteuiltantra.net\/wp-content\/uploads\/2024\/06\/qsqsPlan-de-travail-1.png\",\"contentUrl\":\"https:\/\/fauteuiltantra.net\/wp-content\/uploads\/2024\/06\/qsqsPlan-de-travail-1.png\",\"width\":612,\"height\":601,\"caption\":\"Fauteuil Tantra\"},\"image\":{\"@id\":\"https:\/\/fauteuiltantra.net\/#\/schema\/logo\/image\/\"},\"sameAs\":[\"https:\/\/www.facebook.com\/profile.php?id=61560973738777\"]}]}<\/script>\n<!-- \/ Yoast SEO plugin. -->","yoast_head_json":{"title":"Les Offres Du Moments - Fauteuil Tantra","robots":{"index":"index","follow":"follow","max-snippet":"max-snippet:-1","max-image-preview":"max-image-preview:large","max-video-preview":"max-video-preview:-1"},"canonical":"https:\/\/fauteuiltantra.net\/index.php\/les-offres-du-moments\/","og_locale":"fr_FR","og_type":"article","og_title":"Les Offres Du Moments - Fauteuil Tantra","og_description":"Les Offres Du Moments Ne manquez pas nos offres exclusives sur une s\u00e9lection de meubles modernes ! Profitez de r\u00e9ductions exceptionnelles sur nos canap\u00e9s, fauteuils et autres pi\u00e8ces de mobilier. Cette saison, b\u00e9n\u00e9ficiez de remises allant jusqu&rsquo;\u00e0 30% sur certains de nos best-sellers. D\u00e9p\u00eachez-vous, ces offres sont limit\u00e9es dans le temps ! Transformez votre int\u00e9rieur [&hellip;]","og_url":"https:\/\/fauteuiltantra.net\/index.php\/les-offres-du-moments\/","og_site_name":"Fauteuil Tantra","article_publisher":"https:\/\/www.facebook.com\/profile.php?id=61560973738777","og_image":[{"width":2048,"height":2048,"url":"https:\/\/fauteuiltantra.net\/wp-content\/uploads\/2024\/06\/Firefly-Piece-moderne-avec-au-centre-une-meridienne-tantra-en-cuir-lisse-noir-et-pied-en-bois-34739.webp","type":"image\/webp"}],"twitter_card":"summary_large_image","schema":{"@context":"https:\/\/schema.org","@graph":[{"@type":"WebPage","@id":"https:\/\/fauteuiltantra.net\/index.php\/les-offres-du-moments\/","url":"https:\/\/fauteuiltantra.net\/index.php\/les-offres-du-moments\/","name":"Les Offres Du Moments - Fauteuil Tantra","isPartOf":{"@id":"https:\/\/fauteuiltantra.net\/#website"},"datePublished":"2024-06-01T11:08:26+00:00","dateModified":"2024-06-01T11:08:26+00:00","breadcrumb":{"@id":"https:\/\/fauteuiltantra.net\/index.php\/les-offres-du-moments\/#breadcrumb"},"inLanguage":"fr-FR","potentialAction":[{"@type":"ReadAction","target":["https:\/\/fauteuiltantra.net\/index.php\/les-offres-du-moments\/"]}]},{"@type":"BreadcrumbList","@id":"https:\/\/fauteuiltantra.net\/index.php\/les-offres-du-moments\/#breadcrumb","itemListElement":[{"@type":"ListItem","position":1,"name":"Accueil","item":"https:\/\/fauteuiltantra.net\/"},{"@type":"ListItem","position":2,"name":"Les Offres Du Moments"}]},{"@type":"WebSite","@id":"https:\/\/fauteuiltantra.net\/#website","url":"https:\/\/fauteuiltantra.net\/","name":"Fauteuil Tantra","description":"Un design luxueux pour un confort ultime","publisher":{"@id":"https:\/\/fauteuiltantra.net\/#organization"},"potentialAction":[{"@type":"SearchAction","target":{"@type":"EntryPoint","urlTemplate":"https:\/\/fauteuiltantra.net\/?s={search_term_string}"},"query-input":"required name=search_term_string"}],"inLanguage":"fr-FR"},{"@type":"Organization","@id":"https:\/\/fauteuiltantra.net\/#organization","name":"Fauteuil Tantra","url":"https:\/\/fauteuiltantra.net\/","logo":{"@type":"ImageObject","inLanguage":"fr-FR","@id":"https:\/\/fauteuiltantra.net\/#\/schema\/logo\/image\/","url":"https:\/\/fauteuiltantra.net\/wp-content\/uploads\/2024\/06\/qsqsPlan-de-travail-1.png","contentUrl":"https:\/\/fauteuiltantra.net\/wp-content\/uploads\/2024\/06\/qsqsPlan-de-travail-1.png","width":612,"height":601,"caption":"Fauteuil Tantra"},"image":{"@id":"https:\/\/fauteuiltantra.net\/#\/schema\/logo\/image\/"},"sameAs":["https:\/\/www.facebook.com\/profile.php?id=61560973738777"]}]}},"jetpack_sharing_enabled":true,"_links":{"self":[{"href":"https:\/\/fauteuiltantra.net\/index.php\/wp-json\/wp\/v2\/pages\/337","targetHints":{"allow":["GET"]}}],"collection":[{"href":"https:\/\/fauteuiltantra.net\/index.php\/wp-json\/wp\/v2\/pages"}],"about":[{"href":"https:\/\/fauteuiltantra.net\/index.php\/wp-json\/wp\/v2\/types\/page"}],"author":[{"embeddable":true,"href":"https:\/\/fauteuiltantra.net\/index.php\/wp-json\/wp\/v2\/users\/1"}],"replies":[{"embeddable":true,"href":"https:\/\/fauteuiltantra.net\/index.php\/wp-json\/wp\/v2\/comments?post=337"}],"version-history":[{"count":0,"href":"https:\/\/fauteuiltantra.net\/index.php\/wp-json\/wp\/v2\/pages\/337\/revisions"}],"wp:attachment":[{"href":"https:\/\/fauteuiltantra.net\/index.php\/wp-json\/wp\/v2\/media?parent=337"}],"curies":[{"name":"wp","href":"https:\/\/api.w.org\/{rel}","templated":true}]}}